{"id":3,"date":"2023-06-25T08:35:56","date_gmt":"2023-06-25T08:35:56","guid":{"rendered":"https:\/\/amomenttorelaxmassage.nl\/?page_id=3"},"modified":"2023-10-14T11:40:45","modified_gmt":"2023-10-14T11:40:45","slug":"privacy-policy","status":"publish","type":"page","link":"https:\/\/amomenttorelaxmassage.nl\/index.php\/privacy-policy\/","title":{"rendered":"Privacy Policy"},"content":{"rendered":"<div class=\"\" style=\"\" >\n  \n    \n    <section class=\"u-clearfix u-white u-section-2\" id=\"sec-a7a2\">\n      <div class=\"u-clearfix u-sheet u-sheet-1\">\n        <h1 class=\"u-text u-text-grey-50 u-text-1\">Privacy<\/h1>\n        <p class=\"u-text u-text-2\">Deze verklaring is bedoeld om je te laten zien welke gegevens ik van klanten bewaar en wat ik ermee doe. Als je me mailt of op een andere manier contact met me opneemt, ontvang ik jouw persoonsgegevens. Deze bewaar en verwerk ik. In deze privacyverklaring lees je waarom, wat ermee gebeurt en hoe je ze kunt aanpassen of laten verwijderen.<br>\n          <br>\n          <span style=\"font-weight: 700;\">Jonger dan 16 jaar<\/span>\n          <br>Klanten die jonger zijn dan 16 jaar, hebben toestemming van hun ouders of wettelijke voogd nodig om mijn website en diensten te gebruiken.<br>\n          <br>\n          <span style=\"font-weight: 700;\"> Persoonsgegevens<\/span>\n          <br>Zodra je contact met me opneemt, verwerkt A moment to relax Massage je persoonsgegevens. Dat kan omdat je me belt, mailt of via social media benadert.&nbsp; Of omdat je \u00e9\u00e9n of meerdere massages, of kadobonnen bij mij afneemt. Dat betekent dat ik \u00e9\u00e9n of meerdere van de volgende persoonsgegevens van jou verwerk. Bijvoorbeeld voor- en achternaam, telefoonnummer, e-mailadres, eventuele blessures, contra-indicaties waar ik rekening mee moet houden, wensen en voorkeuren m.b.t. massage en ervaringen na afloop van je massage.<br>\n          <br>\n          <span style=\"font-weight: 700;\"> Reden<\/span>\n          <br>Er zijn twee redenen waarom ik jouw persoonsgegevens nodig heb. Ten eerste om contact met je te kunnen onderhouden en ten tweede om mijn werk goed te kunnen uitvoeren (dossiervorming).<br>\n          <br>\n          <span style=\"font-weight: 700;\"> Wat doe ik niet met jouw gegevens<\/span>\n          <br>Ik verkoop jouw gegevens niet door aan derden. Ik stel geen uitgebreide bezoekersprofielen samen en neem geen besluiten op basis van geautomatiseerde verwerkingen. Kortom, ik maak geen gebruik van volledig geautomatiseerde computerprogramma\u2019s of -systemen.<br>\n          <br>\n          <span style=\"font-weight: 700;\">Toegang derde partijen<\/span>\n          <br>In principe ben ik de enige die toegang heeft tot jouw gegevens. Voor zover derde partijen toegang hebben (geheel of gedeeltelijk) tot jouw gegevens, is dat in geval van wettelijke verplichting of als het voor mij noodzakelijk is om mijn bedrijf goed te kunnen uitvoeren. Momenteel is er van dergelijke derde partijen geen sprake. <br>\n          <br>\n          <span style=\"font-weight: 700;\">Bewaartermijn<\/span>\n          <br>Ik bewaar jouw persoonsgegevens niet langer dan strikt noodzakelijk is om de doelen te realiseren waarvoor ik je gegevens verzamel. Van klanten of oud-klanten bewaar ik de persoonsgegevens tot twee jaar na het laatste zakelijke contact. Aantekeningen bewaar ik tot 6 maanden na de laatste massage.<br>Uitzondering: A moment to relax Massage is wettelijk verplicht de administratie, inclusief facturen met adresgegevens, zeven jaar te bewaren. <br>\n          <br>\n          <span style=\"font-weight: 700;\">Beveiliging<\/span>\n          <br>Ik neem passende beveiligingsmaatregelen om misbruik van en ongeautoriseerde toegang tot je persoonsgegevens te beperken. Zo zorg ik dat alleen de noodzakelijke personen toegang hebben tot de gegevens, dat de toegang tot de gegevens afgeschermd is en dat de veiligheidsmaatregelen regelmatig gecontroleerd worden.<br>De gegevens worden niet langer dan noodzakelijk bewaard. Dat wil zeggen dat ik de gegevens bewaar zolang dat nodig is om de kwaliteit van de door jou gevraagde massage te kunnen garanderen. Uitgezonderd hiervan zijn de gegevens die ik langer moet bewaren omdat de wet dit vereist. <br>\n          <br>\n          <span style=\"font-weight: 700;\">Gegevens inzien, aanpassen of verwijderen<\/span>\n          <br>Je hebt altijd het recht om je persoonsgegevens in te zien, te corrigeren of te (laten) verwijderen.<br>Je kunt daarvoor contact met me opnemen.&nbsp; <br>\n          <br>\n          <span style=\"font-weight: 700;\">Klacht indienen<\/span>\n          <br>Ik probeer iedereen 100% tevreden te houden. Heb je toch een klacht, dan hoor ik dat graag. Dan kijken we samen naar een oplossing. Als dit niet meer mogelijk is, dan heb je het recht om een klacht in te dienen bij Autoriteit Persoonsgegevens.<br>\n          <br>\n        <\/p>\n      <\/div>\n    <\/section>\n    \n    \n    \n  \n<\/div>","protected":false},"excerpt":{"rendered":"<p>Privacy Deze verklaring is bedoeld om je te laten zien welke gegevens ik van klanten bewaar en wat ik ermee doe. Als je me mailt of op een andere manier contact met me opneemt, ontvang ik jouw persoonsgegevens. Deze bewaar en verwerk ik. In deze privacyverklaring lees je waarom, wat ermee gebeurt en hoe je &hellip; <a href=\"https:\/\/amomenttorelaxmassage.nl\/index.php\/privacy-policy\/\" class=\"more-link\">Lees verder <span class=\"screen-reader-text\">Privacy Policy<\/span><\/a><\/p>\n","protected":false},"author":1,"featured_media":0,"parent":0,"menu_order":0,"comment_status":"closed","ping_status":"closed","template":"","meta":{"footnotes":""},"class_list":["post-3","page","type-page","status-publish","hentry"],"aioseo_notices":[],"_links":{"self":[{"href":"https:\/\/amomenttorelaxmassage.nl\/index.php\/wp-json\/wp\/v2\/pages\/3","targetHints":{"allow":["GET"]}}],"collection":[{"href":"https:\/\/amomenttorelaxmassage.nl\/index.php\/wp-json\/wp\/v2\/pages"}],"about":[{"href":"https:\/\/amomenttorelaxmassage.nl\/index.php\/wp-json\/wp\/v2\/types\/page"}],"author":[{"embeddable":true,"href":"https:\/\/amomenttorelaxmassage.nl\/index.php\/wp-json\/wp\/v2\/users\/1"}],"replies":[{"embeddable":true,"href":"https:\/\/amomenttorelaxmassage.nl\/index.php\/wp-json\/wp\/v2\/comments?post=3"}],"version-history":[{"count":4,"href":"https:\/\/amomenttorelaxmassage.nl\/index.php\/wp-json\/wp\/v2\/pages\/3\/revisions"}],"predecessor-version":[{"id":159,"href":"https:\/\/amomenttorelaxmassage.nl\/index.php\/wp-json\/wp\/v2\/pages\/3\/revisions\/159"}],"wp:attachment":[{"href":"https:\/\/amomenttorelaxmassage.nl\/index.php\/wp-json\/wp\/v2\/media?parent=3"}],"curies":[{"name":"wp","href":"https:\/\/api.w.org\/{rel}","templated":true}]}}